 - o - 69 = -4*o. What is the greatest common divisor of d and 42?
14
Let h be -6*(0 + (-6)/9). Let k be 78/9*h*3. Let j(w) = 180*w + 553. Let f be j(-3). What is the highest common divisor of k and f?
13
Suppose m - 12 = 2*t, -3*m + 8*m - t = 33. Let f be (155/(-93))/(1/m - 1). Let a be (-6 - f)*(0 - (-14)/(-1)). Calculate the highest common factor of 7 and a.
7
Let g(x) = -21*x - x**2 - 15 + 15 + 19. Let i be g(-21). Let n(v) = v**2 - 3*v + 9. Let h be n(5). What is the highest common divisor of i and h?
19
Suppose 56 = 2*k + 6*k. Suppose -k*a = 11*a - 2736. What is the greatest common divisor of 19 and a?
19
Let i be (1191/21 + (-6)/(-21))*2. Suppose 4*w + 62 - i = 0. What is the highest common factor of w and 1?
1
Suppose n + 3*p = 6 - 2, -2*p - 32 = -2*n. Suppose n = 4*f - 99. What is the greatest common factor of f and 119?
7
Let c be 108/6*12/18. Suppose -5904 = c*s - 20*s. What is the highest common divisor of 18 and s?
18
Let p(h) = -2*h**3 + 85*h**2 - 43*h + 79. Let b be p(42). What is the highest common factor of 8695 and b?
37
Suppose 245 = 3*d - 0*k + 4*k, -2*d - 2*k + 164 = 0. Suppose -2*c + 3*w + d = 2*c, 2*c + w - 49 = 0. What is the greatest common factor of c and 115?
23
Let h = -36 + 47. Let g be 2*(h - 13)/(-1 - 1). Suppose 3*a - g*l + 16 - 75 = 0, -3*a - 3*l = -39. What is the greatest common divisor of 187 and a?
17
Let x(d) = -8*d**2 + 7*d - 7. Let s(n) = -4*n**2 + 4*n - 3. Let f(i) = -7*s(i) + 3*x(i). Let l be f(4). Calculate the greatest common divisor of l and 432.
36
Suppose -5*j + 10*j = 610. Suppose -s = -5*o - 126 - 4, 0 = s - o - j. Let d be (-2)/(-5) + (-6)/45*-87. Calculate the highest common divisor of s and d.
12
Let f be (3 - 2)*(2 + -1). Let s be (-45)/30*(-3 + f). Let t be 2/s*(-30)/(-20). Calculate the greatest common divisor of 9 and t.
1
Suppose 0 = 3*z - 78 - 234. Suppose 0 = l + n - 32, 22 = l - 3*n - 14. Let y = 59 - l. What is the highest common factor of y and z?
26
Suppose -391 = 315*h - 338*h. Calculate the greatest common divisor of h and 8942.
17
Let m(k) = -3*k**2 - 145*k - 25. Let b be m(-46). Suppose 0 = -7*z + 216 + 246. Calculate the greatest common divisor of b and z.
33
Let p = -327 + 327. Suppose -2*m - 2*s + 239 = -137, -5*m - 4*s + 941 = p. Calculate the greatest common factor of m and 14.
7
Suppose -3*g + 81 = 3*c, -g - 4*c + 4 = -14. Let f be -2 - -5 - (-5 + -2 - g). What is the greatest common divisor of 36 and f?
4
Let v = 3487 + -3368. What is the greatest common divisor of v and 7140?
119
Suppose 14523 = u + 14145. Calculate the highest common divisor of 406 and u.
14
Let i be ((-183)/(-12))/(3*3/(-36)). Let h = i + 82. Let o be ((-28)/h)/((-1)/(-30)*-1). What is the highest common divisor of o and 400?
40
Suppose -9*g + 2 = -11*g. Let f be (7 - g) + -18 + 14. Let x = f + 17. What is the highest common divisor of 105 and x?
21
Suppose 0 = 3*h + 5*q - 656, 0 = 67*h - 66*h - 5*q - 172. What is the highest common factor of h and 184?
23
Suppose 3*u = 8*u + 410. Suppose 3*k - 111 = -5*o + 304, -k + 167 = 2*o. Let d = u + o. What is the greatest common divisor of d and 32?
4
Let k = -139 - -408. Let y = k + -219. What is the greatest common factor of y and 125?
25
Let a = 2774 + -2666. Let n(u) = -u**2 + 11*u - 12. Let y be (-75)/(-9) - (-3)/(-9). Let q be n(y). What is the greatest common factor of q and a?
12
Let d be 15*(-20)/48 - (-10)/8. Let f be 1/d - (-1496)/55. Calculate the greatest common factor of f and 72.
9
Suppose -66*u + 67*u - k + 7 = 0, -2*k = -5*u - 50. Let r be (-2)/((-5)/2*u/(-195)). Calculate the highest common factor of r and 117.
13
Let p(l) = 4*l**3 + 7*l**2 - 3*l - 4. Let f be p(-3). Let y be (f - -28)/(2/(-3)). Suppose 2*q = 3*q - 126. Calculate the greatest common divisor of q and y.
18
Suppose -88*y - 100 = -89*y. Let h(p) = 17*p + 114. Let b be h(-2). Calculate the greatest common divisor of y and b.
20
Suppose -75*d + 147319 = -153555 + 58399. Calculate the highest common factor of 53 and d.
53
Suppose -848 = 13*w + 23. Let r = w - -67. Let n be -3 + (-120)/(-2) + r. What is the greatest common divisor of 38 and n?
19
Let h = 77 + -54. Let v = h - -8. Suppose 0 = -6*g + 211 - v. Calculate the highest common divisor of g and 45.
15
Let j be ((-91)/(-1))/((-177)/(-2655)). What is the greatest common divisor of j and 2366?
91
Suppose -a - 4 = -2*f, 0*f + 5*a = 4*f + 4. Let r be (f/(-10))/(9/(-1080)). Calculate the greatest common divisor of 6 and r.
6
Let a = 389 + -374. Let o(c) = 13*c - 76. Let n be o(a). Calculate the greatest common factor of 17 and n.
17
Let g = 58 + -39. Suppose -t = -5*x + 3*t + g, x + 5*t + 2 = 0. Let v be (7 - 3 - 2) + 570/x. What is the highest common factor of 24 and v?
24
Let m = -45624 - -47842. Calculate the highest common divisor of 6 and m.
2
Let n be 31466/10 + (-2)/(-5). Suppose 18*y - n = -915. Calculate the highest common divisor of 62 and y.
62
Let a(m) = -1 + 12*m**2 - 3*m**2 + 3*m**2 - 2 + m. Suppose 2*s = -s, -5*c - 2*s - 20 = 0. Let b be a(c). What is the greatest common divisor of 74 and b?
37
Let l(d) = 15*d + 15. Let s be l(11). Let n = -168 + s. Calculate the greatest common factor of 3 and n.
3
Suppose 36 = 4*m + m + f, -5*m + 20 = 5*f. Let q be (-31 + 39)*105/5. Calculate the greatest common factor of q and m.
8
Suppose -3*d = 5*s - 471, 4*s + 675 = 4*d + 15. Suppose 17823 = 1241*y + 2931. What is the greatest common divisor of y and d?
6
Let k = -113 - -163. Suppose -3*t - 2*t - k = 0. Let a(p) = -p**2 - 12*p - 11. Let c be a(t). What is the greatest common divisor of c and 27?
9
Let i = -1349 + 1351. Let v(u) be the first derivative of 13*u**2/2 - 15*u - 1. Let t be v(i). What is the greatest common divisor of 22 and t?
11
Let l = -212 + 240. Suppose -l*b = -37*b + 1989. Calculate the greatest common divisor of b and 39.
13
Let f(b) = b**3 + 21*b**2 - 22*b + 3. Let j be f(-22). Suppose -100 = j*w - 628. Calculate the highest common divisor of 32 and w.
16
Let g(a) = 34*a - 19*a**2 - 7*a**2 + 24*a**2 - 94. Let k be g(10). Calculate the greatest common divisor of k and 161.
23
Let t be (8*-10)/(-2) + -4. Let o = 7 - 3. Suppose -4*l - 2 = -3*l, 0 = -p + o*l + 188. What is the highest common divisor of p and t?
36
Suppose 2*d + 7 = 37. Suppose 44 = 29*q + d. Calculate the highest common divisor of q and 1.
1
Let x be (196/20)/((-23)/(-230)). Calculate the greatest common factor of 1568 and x.
98
Suppose -8 = -7*q + 8*q. Let s = 12 + q. Suppose -206 = -s*f + 34. Calculate the greatest common factor of 24 and f.
12
Suppose 3 + 1 = 2*m - r, 4*r = -m + 20. Suppose m*z - 3*z = 5, 0 = 3*t - 4*z - 34. What is the highest common divisor of 270 and t?
18
Suppose -4360 = -1535*y + 1527*y. Calculate the greatest common factor of y and 2071.
109
Let s(c) = c**3 - 33*c**2 + 32*c + 4. Let q = 198 + -166. Let r be s(q). Calculate the highest common divisor of 7 and r.
1
Suppose -15*u + 3487 = -23. Calculate the highest common factor of u and 1196.
26
Let z(l) = 46*l**3 - 40*l**2 + 2*l + 1. Let b be z(1). What is the highest common divisor of b and 411?
3
Suppose -18*p - 2932 = -19295 - 3761. Calculate the greatest common divisor of p and 130.
26
Let s(h) = -47*h - 304. Let g(w) = -187*w - 1218. Let x(o) = 2*g(o) - 9*s(o). Let f be x(-6). What is the highest common factor of f and 36?
6
Let i(c) = 638*c**3 - c**2 + 8*c. Let j be i(1). What is the highest common divisor of 30 and j?
15
Let u be 174*(1 - 5)/(-8). Suppose 0 = -u*z + 92*z - 2295. What is the highest common factor of z and 81?
27
Suppose 88 = -29*s + 10296. Calculate the highest common divisor of 1540 and s.
44
Suppose -2*w + 7 = -205. Let f(i) = -i**2 - 66*i - 429. Let s be f(-16). What is the greatest common divisor of w and s?
53
Suppose 4*c - 99404 = -38*q + 35*q, -2*c + 132542 = 4*q. What is the greatest common divisor of q and 304?
304
Suppose -2*h + 385 + 765 = 5*t, -1130 = -5*t + 2*h. Calculate the highest common divisor of 12 and t.
12
Let d(u) = 966*u - 983. Let n be d(4). Calculate the greatest common divisor of 43 and n.
43
Suppose 0 = 21*w + 54466 - 190168. Calculate the greatest common divisor of 36 and w.
18
Let k be 2/(-19) + 23430/209. Let a be 2 + (-1)/(5/(-150)). What is the highest common factor of a and k?
16
Suppose 4*l + 16 = 0, 0 = -s + 